{"id":383,"date":"2017-09-17T15:22:07","date_gmt":"2017-09-17T14:22:07","guid":{"rendered":"http:\/\/www.mechatronik.hu\/?page_id=383"},"modified":"2018-09-02T19:00:49","modified_gmt":"2018-09-02T18:00:49","slug":"rugalmas-foglalkoztatassal-versenykepessegert","status":"publish","type":"page","link":"http:\/\/www.mechatronik.hu\/index.php\/hu\/rugalmas-foglalkoztatassal-versenykepessegert\/","title":{"rendered":"Rugalmas foglalkoztat\u00e1ssal a versenyk\u00e9pess\u00e9g\u00e9rt"},"content":{"rendered":"<div style=\"background-color: #ffffff; padding: 25px; margin: 50px;\">\n<blockquote><p><img loading=\"lazy\" decoding=\"async\" class=\"alignright wp-image-433\" src=\"http:\/\/www.mechatronik.hu\/wp-content\/uploads\/infoblokk_kedv_final_felso_cmyk_ESZA.jpg\" alt=\"\" width=\"434\" height=\"300\" srcset=\"http:\/\/www.mechatronik.hu\/wp-content\/uploads\/infoblokk_kedv_final_felso_cmyk_ESZA.jpg 1453w, http:\/\/www.mechatronik.hu\/wp-content\/uploads\/infoblokk_kedv_final_felso_cmyk_ESZA-300x207.jpg 300w, http:\/\/www.mechatronik.hu\/wp-content\/uploads\/infoblokk_kedv_final_felso_cmyk_ESZA-768x531.jpg 768w, http:\/\/www.mechatronik.hu\/wp-content\/uploads\/infoblokk_kedv_final_felso_cmyk_ESZA-1024x708.jpg 1024w\" sizes=\"(max-width: 434px) 100vw, 434px\" \/><\/p><\/blockquote>\n<p style=\"text-align: center;\"><span style=\"color: #3366ff; font-size: 14pt;\"><strong>Rugalmas foglalkoztat\u00e1ssal a versenyk\u00e9pess\u00e9g\u00e9rt<\/strong><\/span><\/p>\n<p style=\"text-align: left;\"><span style=\"color: #3366ff;\"><strong>\u201eRugalmas, csal\u00e1dbar\u00e1t foglalkoztat\u00e1si m\u00f3dszerek bevezet\u00e9se a Mechatronik Automatika Szolg\u00e1ltat\u00f3 \u00e9s Kereskedelmi Korl\u00e1tolt Felel\u0151ss\u00e9g\u0171 T\u00e1rsas\u00e1gn\u00e1l\u201d<\/strong><\/span><\/p>\n<p style=\"text-align: left;\"><strong><span style=\"color: #3366ff; text-decoration: underline;\">A projekt alapadatai:<img loading=\"lazy\" decoding=\"async\" class=\" wp-image-406 alignright\" src=\"http:\/\/www.mechatronik.hu\/wp-content\/uploads\/puzzle.jpg\" alt=\"\" width=\"149\" height=\"133\" srcset=\"http:\/\/www.mechatronik.hu\/wp-content\/uploads\/puzzle.jpg 325w, http:\/\/www.mechatronik.hu\/wp-content\/uploads\/puzzle-300x269.jpg 300w\" sizes=\"(max-width: 149px) 100vw, 149px\" \/><\/span><\/strong><\/p>\n<p style=\"text-align: left; padding-left: 30px;\"><span style=\"color: #3366ff;\">\u2022 Projekt azonos\u00edt\u00f3: GINOP-5.3.2-16-2016-00015<\/span><br \/>\n<span style=\"color: #3366ff;\"> \u2022 Ig\u00e9nyelt t\u00e1mogat\u00e1s: 14 954 000 Ft<\/span><br \/>\n<span style=\"color: #3366ff;\"> \u2022 T\u00e1mogat\u00e1s m\u00e9rt\u00e9ke: 100%<\/span><br \/>\n<span style=\"color: #3366ff;\"> \u2022 Projekt id\u0151tartama: 2017.06.01. &#8211; 2018.02.28<\/span><\/p>\n<p style=\"text-align: left;\"><strong><span style=\"color: #3366ff; text-decoration: underline;\">A projekt bemutat\u00e1sa:<\/span><\/strong><\/p>\n<p style=\"text-align: justify;\"><span style=\"color: #3366ff;\">A Mechatronik Automatika Kft. ipari automatiz\u00e1l\u00e1ssal, m\u00e9r\u00e9s- \u00e9s hajt\u00e1stechnik\u00e1val, g\u00e9pek jav\u00edt\u00e1s\u00e1val foglalkozik. A c\u00e9g \u00e9let\u00e9ben leggyakoribbak az olyan megrendel\u00e9sek, amelyek a c\u00e9g rugalmass\u00e1g\u00e1ra \u00e9s szakmai felk\u00e9sz\u00fclts\u00e9g\u00e9re \u00e9p\u00edtenek.<\/span><br \/>\n<span style=\"color: #3366ff;\"> A c\u00e9g tev\u00e9kenys\u00e9ge n\u00e9gy \u00fczlet\u00e1gra koncentr\u00e1l: g\u00e9pjav\u00edt\u00e1s, fel\u00faj\u00edt\u00e1s, \u00e1talak\u00edt\u00e1s, g\u00e9pgy\u00e1rt\u00e1s.<\/span><br \/>\n<span style=\"color: #3366ff;\"> A v\u00e1llalkoz\u00e1s n\u00f6veked\u00e9s\u00e9hez tov\u00e1bbi specializ\u00e1l\u00f3d\u00e1s sz\u00fcks\u00e9ges, amelyhez nehezen beszerezhet\u0151 a megfelel\u0151 mennyis\u00e9g\u0171 \u00e9s min\u0151s\u00e9g\u0171 szakember ut\u00e1np\u00f3tl\u00e1s. A piaci fejl\u0151d\u00e9shez \u00e9s a technol\u00f3giai fejleszt\u00e9shez szervezeti stabiliz\u00e1ci\u00f3, tev\u00e9kenys\u00e9g tiszt\u00edt\u00e1s \u00e9s hum\u00e1n fejleszt\u00e9si beavatkoz\u00e1s sz\u00fcks\u00e9ges.<\/span><br \/>\n<span style=\"color: #3366ff;\"> A munkahelyi rugalmass\u00e1g \u00e9s munka min\u0151s\u00e9g\u00e9nek \u00f6szt\u00f6nz\u00e9s\u00e9n kereszt\u00fcl a foglalkoztat\u00e1s rugalmas m\u00f3djainak bevezet\u00e9s\u00e9vel a Mechatronik Automatika Kft.-n\u00e9l mind a keresleti, mind a k\u00edn\u00e1lati oldalon potenci\u00e1lis \u201etartal\u00e9kok\u201d szabad\u00edthat\u00f3k fel, amelyek n\u00f6velhetik a v\u00e1llalkoz\u00e1s gazdas\u00e1gi alkalmazkod\u00f3k\u00e9pess\u00e9g\u00e9t \u00e9s ez \u00e1ltal a versenyk\u00e9pess\u00e9g\u00e9t is.<\/span><br \/>\n<span style=\"color: #3366ff;\"> E potenci\u00e1l kihaszn\u00e1l\u00e1sa \u00e9rdek\u00e9ben a projekt c\u00e9lja a v\u00e1llalati munkaszervez\u00e9si kult\u00fara jav\u00edt\u00e1sa, a rugalmas munkaszervez\u00e9si form\u00e1k bevezet\u00e9se, valamint a munka \u00e9s a mag\u00e1n\u00e9let \u00f6sszehangol\u00e1sa, mivel egyedi projekt feladatokat val\u00f3s\u00edtanak meg a munkat\u00e1rsak, leterhelts\u00e9g\u00fck is folyamatosan v\u00e1ltozik.<\/span><\/p>\n<p style=\"text-align: left;\"><strong><span style=\"color: #3366ff; text-decoration: underline;\">A projekt megval\u00f3sul\u00e1s\u00e1nak helysz\u00edne:<\/span><\/strong><\/p>\n<p style=\"text-align: left;\"><span style=\"color: #3366ff;\">6791 Szeged (Kiskundorozsma) Kond utca 1., Hrsz:2794\/1\u00a0<\/span><\/p>\n<p style=\"text-align: left;\"><img decoding=\"async\" class=\"aligncenter size-full wp-image-384\" src=\"http:\/\/www.mechatronik.hu\/wp-content\/uploads\/szechenyi_2020_logo.jpg\" alt=\"\" \/><\/p>\n<\/div>\n","protected":false},"excerpt":{"rendered":"<p>Rugalmas foglalkoztat\u00e1ssal a versenyk\u00e9pess\u00e9g\u00e9rt \u201eRugalmas, csal\u00e1dbar\u00e1t foglalkoztat\u00e1si m\u00f3dszerek bevezet\u00e9se a Mechatronik Automatika Szolg\u00e1ltat\u00f3 \u00e9s Kereskedelmi Korl\u00e1tolt Felel\u0151ss\u00e9g\u0171 T\u00e1rsas\u00e1gn\u00e1l\u201d A projekt alapadatai: \u2022 Projekt azonos\u00edt\u00f3: GINOP-5.3.2-16-2016-00015 \u2022 Ig\u00e9nyelt t\u00e1mogat\u00e1s: 14 954 [&hellip;]<\/p>\n","protected":false},"author":1,"featured_media":0,"parent":0,"menu_order":0,"comment_status":"closed","ping_status":"closed","template":"","meta":{"footnotes":""},"yoast_head":"<!-- This site is optimized with the Yoast SEO plugin v23.4 - https:\/\/yoast.com\/wordpress\/plugins\/seo\/ -->\n<title>Rugalmas foglalkoztat\u00e1ssal a versenyk\u00e9pess\u00e9g\u00e9rt - Mechatronik Automatika Kft. - egyedi g\u00e9pgy\u00e1rt\u00e1s, automatiz\u00e1l\u00e1s, vez\u00e9rl\u00e9s fel\u00faj\u00edt\u00e1s, g\u00e9p\u00e9szeti nagyjav\u00edt\u00e1s, \u00e1raj\u00e1nlat, felm\u00e9r\u00e9s<\/title>\n<meta name=\"robots\" content=\"index, follow, max-snippet:-1, max-image-preview:large, max-video-preview:-1\" \/>\n<link rel=\"canonical\" href=\"http:\/\/www.mechatronik.hu\/index.php\/hu\/rugalmas-foglalkoztatassal-versenykepessegert\/\" \/>\n<meta property=\"og:locale\" content=\"hu_HU\" \/>\n<meta property=\"og:type\" content=\"article\" \/>\n<meta property=\"og:title\" content=\"Rugalmas foglalkoztat\u00e1ssal a versenyk\u00e9pess\u00e9g\u00e9rt - Mechatronik Automatika Kft. - egyedi g\u00e9pgy\u00e1rt\u00e1s, automatiz\u00e1l\u00e1s, vez\u00e9rl\u00e9s fel\u00faj\u00edt\u00e1s, g\u00e9p\u00e9szeti nagyjav\u00edt\u00e1s, \u00e1raj\u00e1nlat, felm\u00e9r\u00e9s\" \/>\n<meta property=\"og:description\" content=\"Rugalmas foglalkoztat\u00e1ssal a versenyk\u00e9pess\u00e9g\u00e9rt \u201eRugalmas, csal\u00e1dbar\u00e1t foglalkoztat\u00e1si m\u00f3dszerek bevezet\u00e9se a Mechatronik Automatika Szolg\u00e1ltat\u00f3 \u00e9s Kereskedelmi Korl\u00e1tolt Felel\u0151ss\u00e9g\u0171 T\u00e1rsas\u00e1gn\u00e1l\u201d A projekt alapadatai: \u2022 Projekt azonos\u00edt\u00f3: GINOP-5.3.2-16-2016-00015 \u2022 Ig\u00e9nyelt t\u00e1mogat\u00e1s: 14 954 [&hellip;]\" \/>\n<meta property=\"og:url\" content=\"http:\/\/www.mechatronik.hu\/index.php\/hu\/rugalmas-foglalkoztatassal-versenykepessegert\/\" \/>\n<meta property=\"og:site_name\" content=\"Mechatronik Automatika Kft.\" \/>\n<meta property=\"article:modified_time\" content=\"2018-09-02T18:00:49+00:00\" \/>\n<meta property=\"og:image\" content=\"http:\/\/www.mechatronik.hu\/wp-content\/uploads\/infoblokk_kedv_final_felso_cmyk_ESZA.jpg\" \/>\n<meta name=\"twitter:card\" content=\"summary_large_image\" \/>\n<meta name=\"twitter:label1\" content=\"Becs\u00fclt olvas\u00e1si id\u0151\" \/>\n\t<meta name=\"twitter:data1\" content=\"2 perc\" \/>\n<script type=\"application\/ld+json\" class=\"yoast-schema-graph\">{\"@context\":\"https:\/\/schema.org\",\"@graph\":[{\"@type\":\"WebPage\",\"@id\":\"http:\/\/www.mechatronik.hu\/index.php\/hu\/rugalmas-foglalkoztatassal-versenykepessegert\/\",\"url\":\"http:\/\/www.mechatronik.hu\/index.php\/hu\/rugalmas-foglalkoztatassal-versenykepessegert\/\",\"name\":\"Rugalmas foglalkoztat\u00e1ssal a versenyk\u00e9pess\u00e9g\u00e9rt - Mechatronik Automatika Kft. - egyedi g\u00e9pgy\u00e1rt\u00e1s, automatiz\u00e1l\u00e1s, vez\u00e9rl\u00e9s fel\u00faj\u00edt\u00e1s, g\u00e9p\u00e9szeti nagyjav\u00edt\u00e1s, \u00e1raj\u00e1nlat, felm\u00e9r\u00e9s\",\"isPartOf\":{\"@id\":\"http:\/\/www.mechatronik.hu\/#website\"},\"primaryImageOfPage\":{\"@id\":\"http:\/\/www.mechatronik.hu\/index.php\/hu\/rugalmas-foglalkoztatassal-versenykepessegert\/#primaryimage\"},\"image\":{\"@id\":\"http:\/\/www.mechatronik.hu\/index.php\/hu\/rugalmas-foglalkoztatassal-versenykepessegert\/#primaryimage\"},\"thumbnailUrl\":\"http:\/\/www.mechatronik.hu\/wp-content\/uploads\/infoblokk_kedv_final_felso_cmyk_ESZA.jpg\",\"datePublished\":\"2017-09-17T14:22:07+00:00\",\"dateModified\":\"2018-09-02T18:00:49+00:00\",\"breadcrumb\":{\"@id\":\"http:\/\/www.mechatronik.hu\/index.php\/hu\/rugalmas-foglalkoztatassal-versenykepessegert\/#breadcrumb\"},\"inLanguage\":\"hu\",\"potentialAction\":[{\"@type\":\"ReadAction\",\"target\":[\"http:\/\/www.mechatronik.hu\/index.php\/hu\/rugalmas-foglalkoztatassal-versenykepessegert\/\"]}]},{\"@type\":\"ImageObject\",\"inLanguage\":\"hu\",\"@id\":\"http:\/\/www.mechatronik.hu\/index.php\/hu\/rugalmas-foglalkoztatassal-versenykepessegert\/#primaryimage\",\"url\":\"http:\/\/www.mechatronik.hu\/wp-content\/uploads\/infoblokk_kedv_final_felso_cmyk_ESZA.jpg\",\"contentUrl\":\"http:\/\/www.mechatronik.hu\/wp-content\/uploads\/infoblokk_kedv_final_felso_cmyk_ESZA.jpg\",\"width\":1453,\"height\":1004},{\"@type\":\"BreadcrumbList\",\"@id\":\"http:\/\/www.mechatronik.hu\/index.php\/hu\/rugalmas-foglalkoztatassal-versenykepessegert\/#breadcrumb\",\"itemListElement\":[{\"@type\":\"ListItem\",\"position\":1,\"name\":\"Home\",\"item\":\"https:\/\/www.mechatronik.hu\/index.php\/de\/mechatronik-automatika-kft\/\"},{\"@type\":\"ListItem\",\"position\":2,\"name\":\"Rugalmas foglalkoztat\u00e1ssal a versenyk\u00e9pess\u00e9g\u00e9rt\"}]},{\"@type\":\"WebSite\",\"@id\":\"http:\/\/www.mechatronik.hu\/#website\",\"url\":\"http:\/\/www.mechatronik.hu\/\",\"name\":\"Mechatronik Automatika Kft.\",\"description\":\"Mechatronik Automatika Kft. - egyedi g\u00e9pgy\u00e1rt\u00e1s, ipari automatiz\u00e1l\u00e1s, vez\u00e9rl\u00e9s fel\u00faj\u00edt\u00e1s, g\u00e9p\u00e9szeti nagyjav\u00edt\u00e1s, \u00e1raj\u00e1nlat, felm\u00e9r\u00e9s\",\"publisher\":{\"@id\":\"http:\/\/www.mechatronik.hu\/#organization\"},\"potentialAction\":[{\"@type\":\"SearchAction\",\"target\":{\"@type\":\"EntryPoint\",\"urlTemplate\":\"http:\/\/www.mechatronik.hu\/?s={search_term_string}\"},\"query-input\":{\"@type\":\"PropertyValueSpecification\",\"valueRequired\":true,\"valueName\":\"search_term_string\"}}],\"inLanguage\":\"hu\"},{\"@type\":\"Organization\",\"@id\":\"http:\/\/www.mechatronik.hu\/#organization\",\"name\":\"Mechatronik Automatika Kft.\",\"url\":\"http:\/\/www.mechatronik.hu\/\",\"logo\":{\"@type\":\"ImageObject\",\"inLanguage\":\"hu\",\"@id\":\"http:\/\/www.mechatronik.hu\/#\/schema\/logo\/image\/\",\"url\":\"http:\/\/www.mechatronik.hu\/wp-content\/uploads\/MECHLOGO.png\",\"contentUrl\":\"http:\/\/www.mechatronik.hu\/wp-content\/uploads\/MECHLOGO.png\",\"width\":84,\"height\":78,\"caption\":\"Mechatronik Automatika Kft.\"},\"image\":{\"@id\":\"http:\/\/www.mechatronik.hu\/#\/schema\/logo\/image\/\"}}]}<\/script>\n<!-- \/ Yoast SEO plugin. -->","yoast_head_json":{"title":"Rugalmas foglalkoztat\u00e1ssal a versenyk\u00e9pess\u00e9g\u00e9rt - Mechatronik Automatika Kft. - egyedi g\u00e9pgy\u00e1rt\u00e1s, automatiz\u00e1l\u00e1s, vez\u00e9rl\u00e9s fel\u00faj\u00edt\u00e1s, g\u00e9p\u00e9szeti nagyjav\u00edt\u00e1s, \u00e1raj\u00e1nlat, felm\u00e9r\u00e9s","robots":{"index":"index","follow":"follow","max-snippet":"max-snippet:-1","max-image-preview":"max-image-preview:large","max-video-preview":"max-video-preview:-1"},"canonical":"http:\/\/www.mechatronik.hu\/index.php\/hu\/rugalmas-foglalkoztatassal-versenykepessegert\/","og_locale":"hu_HU","og_type":"article","og_title":"Rugalmas foglalkoztat\u00e1ssal a versenyk\u00e9pess\u00e9g\u00e9rt - Mechatronik Automatika Kft. - egyedi g\u00e9pgy\u00e1rt\u00e1s, automatiz\u00e1l\u00e1s, vez\u00e9rl\u00e9s fel\u00faj\u00edt\u00e1s, g\u00e9p\u00e9szeti nagyjav\u00edt\u00e1s, \u00e1raj\u00e1nlat, felm\u00e9r\u00e9s","og_description":"Rugalmas foglalkoztat\u00e1ssal a versenyk\u00e9pess\u00e9g\u00e9rt \u201eRugalmas, csal\u00e1dbar\u00e1t foglalkoztat\u00e1si m\u00f3dszerek bevezet\u00e9se a Mechatronik Automatika Szolg\u00e1ltat\u00f3 \u00e9s Kereskedelmi Korl\u00e1tolt Felel\u0151ss\u00e9g\u0171 T\u00e1rsas\u00e1gn\u00e1l\u201d A projekt alapadatai: \u2022 Projekt azonos\u00edt\u00f3: GINOP-5.3.2-16-2016-00015 \u2022 Ig\u00e9nyelt t\u00e1mogat\u00e1s: 14 954 [&hellip;]","og_url":"http:\/\/www.mechatronik.hu\/index.php\/hu\/rugalmas-foglalkoztatassal-versenykepessegert\/","og_site_name":"Mechatronik Automatika Kft.","article_modified_time":"2018-09-02T18:00:49+00:00","og_image":[{"url":"http:\/\/www.mechatronik.hu\/wp-content\/uploads\/infoblokk_kedv_final_felso_cmyk_ESZA.jpg"}],"twitter_card":"summary_large_image","twitter_misc":{"Becs\u00fclt olvas\u00e1si id\u0151":"2 perc"},"schema":{"@context":"https:\/\/schema.org","@graph":[{"@type":"WebPage","@id":"http:\/\/www.mechatronik.hu\/index.php\/hu\/rugalmas-foglalkoztatassal-versenykepessegert\/","url":"http:\/\/www.mechatronik.hu\/index.php\/hu\/rugalmas-foglalkoztatassal-versenykepessegert\/","name":"Rugalmas foglalkoztat\u00e1ssal a versenyk\u00e9pess\u00e9g\u00e9rt - Mechatronik Automatika Kft. - egyedi g\u00e9pgy\u00e1rt\u00e1s, automatiz\u00e1l\u00e1s, vez\u00e9rl\u00e9s fel\u00faj\u00edt\u00e1s, g\u00e9p\u00e9szeti nagyjav\u00edt\u00e1s, \u00e1raj\u00e1nlat, felm\u00e9r\u00e9s","isPartOf":{"@id":"http:\/\/www.mechatronik.hu\/#website"},"primaryImageOfPage":{"@id":"http:\/\/www.mechatronik.hu\/index.php\/hu\/rugalmas-foglalkoztatassal-versenykepessegert\/#primaryimage"},"image":{"@id":"http:\/\/www.mechatronik.hu\/index.php\/hu\/rugalmas-foglalkoztatassal-versenykepessegert\/#primaryimage"},"thumbnailUrl":"http:\/\/www.mechatronik.hu\/wp-content\/uploads\/infoblokk_kedv_final_felso_cmyk_ESZA.jpg","datePublished":"2017-09-17T14:22:07+00:00","dateModified":"2018-09-02T18:00:49+00:00","breadcrumb":{"@id":"http:\/\/www.mechatronik.hu\/index.php\/hu\/rugalmas-foglalkoztatassal-versenykepessegert\/#breadcrumb"},"inLanguage":"hu","potentialAction":[{"@type":"ReadAction","target":["http:\/\/www.mechatronik.hu\/index.php\/hu\/rugalmas-foglalkoztatassal-versenykepessegert\/"]}]},{"@type":"ImageObject","inLanguage":"hu","@id":"http:\/\/www.mechatronik.hu\/index.php\/hu\/rugalmas-foglalkoztatassal-versenykepessegert\/#primaryimage","url":"http:\/\/www.mechatronik.hu\/wp-content\/uploads\/infoblokk_kedv_final_felso_cmyk_ESZA.jpg","contentUrl":"http:\/\/www.mechatronik.hu\/wp-content\/uploads\/infoblokk_kedv_final_felso_cmyk_ESZA.jpg","width":1453,"height":1004},{"@type":"BreadcrumbList","@id":"http:\/\/www.mechatronik.hu\/index.php\/hu\/rugalmas-foglalkoztatassal-versenykepessegert\/#breadcrumb","itemListElement":[{"@type":"ListItem","position":1,"name":"Home","item":"https:\/\/www.mechatronik.hu\/index.php\/de\/mechatronik-automatika-kft\/"},{"@type":"ListItem","position":2,"name":"Rugalmas foglalkoztat\u00e1ssal a versenyk\u00e9pess\u00e9g\u00e9rt"}]},{"@type":"WebSite","@id":"http:\/\/www.mechatronik.hu\/#website","url":"http:\/\/www.mechatronik.hu\/","name":"Mechatronik Automatika Kft.","description":"Mechatronik Automatika Kft. - egyedi g\u00e9pgy\u00e1rt\u00e1s, ipari automatiz\u00e1l\u00e1s, vez\u00e9rl\u00e9s fel\u00faj\u00edt\u00e1s, g\u00e9p\u00e9szeti nagyjav\u00edt\u00e1s, \u00e1raj\u00e1nlat, felm\u00e9r\u00e9s","publisher":{"@id":"http:\/\/www.mechatronik.hu\/#organization"},"potentialAction":[{"@type":"SearchAction","target":{"@type":"EntryPoint","urlTemplate":"http:\/\/www.mechatronik.hu\/?s={search_term_string}"},"query-input":{"@type":"PropertyValueSpecification","valueRequired":true,"valueName":"search_term_string"}}],"inLanguage":"hu"},{"@type":"Organization","@id":"http:\/\/www.mechatronik.hu\/#organization","name":"Mechatronik Automatika Kft.","url":"http:\/\/www.mechatronik.hu\/","logo":{"@type":"ImageObject","inLanguage":"hu","@id":"http:\/\/www.mechatronik.hu\/#\/schema\/logo\/image\/","url":"http:\/\/www.mechatronik.hu\/wp-content\/uploads\/MECHLOGO.png","contentUrl":"http:\/\/www.mechatronik.hu\/wp-content\/uploads\/MECHLOGO.png","width":84,"height":78,"caption":"Mechatronik Automatika Kft."},"image":{"@id":"http:\/\/www.mechatronik.hu\/#\/schema\/logo\/image\/"}}]}},"_links":{"self":[{"href":"http:\/\/www.mechatronik.hu\/index.php\/wp-json\/wp\/v2\/pages\/383"}],"collection":[{"href":"http:\/\/www.mechatronik.hu\/index.php\/wp-json\/wp\/v2\/pages"}],"about":[{"href":"http:\/\/www.mechatronik.hu\/index.php\/wp-json\/wp\/v2\/types\/page"}],"author":[{"embeddable":true,"href":"http:\/\/www.mechatronik.hu\/index.php\/wp-json\/wp\/v2\/users\/1"}],"replies":[{"embeddable":true,"href":"http:\/\/www.mechatronik.hu\/index.php\/wp-json\/wp\/v2\/comments?post=383"}],"version-history":[{"count":27,"href":"http:\/\/www.mechatronik.hu\/index.php\/wp-json\/wp\/v2\/pages\/383\/revisions"}],"predecessor-version":[{"id":441,"href":"http:\/\/www.mechatronik.hu\/index.php\/wp-json\/wp\/v2\/pages\/383\/revisions\/441"}],"wp:attachment":[{"href":"http:\/\/www.mechatronik.hu\/index.php\/wp-json\/wp\/v2\/media?parent=383"}],"curies":[{"name":"wp","href":"https:\/\/api.w.org\/{rel}","templated":true}]}}